3. Determine f(-3).
-21
Suppose -3*j + 3*n + 10 = -n, -3*n - 6 = -2*j. Let u(o) = -5*o - o**2 - 3*o + j*o + 2*o**2. Let x = -4 - -6. Give u(x).
0
Let j be (-3)/3 + 2 - 4. Let m(i) = 3*i**3 - 7*i**2 + 2. Let l(p) = 17*p**3 - 37*p**2 + p + 10. Let w(a) = 2*l(a) - 11*m(a). Give w(j).
-8
Suppose -22 = -5*h - 2*l, -6*h - 5*l = -h - 10. Let w(u) = u - 7. Let v be w(h). Let p(b) = 6*b**3 + b**2 - 1. Give p(v).
-6
Let p be (2/(-7))/(124/(-651)). Let z(j) be the third derivative of -1/24*j**4 + 0 + 0*j + 3*j**2 + p*j**3. Calculate z(0).
9
Let l(n) be the second derivative of -14*n**3/3 - n**2/2 - 65*n. Calculate l(-1).
27
Let c(w) = w**2 - 6*w + 3. Let f(d) = -389*d**3 + 388*d**3 + 25*d - 12 - 2*d**2 - d**2. Let h(y) = 9*c(y) + 2*f(y). Determine h(2).
-9
Let w(h) be the second derivative of -h**4/12 - 5*h**3/6 + 19*h**2/2 - 69*h. Give w(-8).
-5
Let n(h) = -h**3 + 7*h**2 + h - 2. Suppose -2*z = -3*s + 10 + 19, -3*s + z + 25 = 0. What is n(s)?
5
Let b(h) = -2492*h**2 + 3 - 5*h + 1254*h**2 + 1241*h**2. Give b(3).
15
Let p(n) = -3*n**2 - n. Let r(d) = 22*d**2 + 4*d. Let s(z) = 3*p(z) + r(z). Calculate s(1).
14
Let w(i) be the first derivative of -i**3/3 + 7*i**2/2 + 2*i - 3. Let s = 689 - 684. Determine w(s).
12
Let x(t) = -4*t - t**2 + 2*t + 3*t + t**3 - 6*t**3. What is x(1)?
-5
Suppose 3*a = 25 - 7. Let n(p) = -a*p**2 + 7*p**2 + 4 + 7*p + 2. Let x(w) = -w**2 + 3. Let q be x(3). Give n(q).
0
Let t = 23 - 26. Let d(q) be the second derivative of -q**6/360 - q**5/24 - q**4/24 - 7*q**3/3 - 5*q. Let l(m) be the second derivative of d(m). Determine l(t).
5
Suppose -2*j + b + 2*b - 359 = 0, b - 349 = 2*j. Let c = 178 + j. Let n(u) be the third derivative of u**4/24 - 4*u**3/3 - u**2. Determine n(c).
-2
Let n(i) = -i**3 + 2*i**2 + i. Let o = -3 + 2. Let a be n(o). Let b(q) = 28*q**2 - 26*q**2 - 1 - 18*q + 17*q. What is b(a)?
5
Let k(o) = -8*o. Let n be k(-1). Let w(v) = -1 - 5*v**3 - n*v**3 + 0*v**3. Suppose 0 = 3*u - 3*g + 6, -4*u + 2*g = 4 + 2. Determine w(u).
12
Suppose 12*g - 32 - 76 = 0. Let p(v) = -v**3 + 8*v**2 + 8*v + 5. What is p(g)?
-4
Let d(w) be the third derivative of w**4/24 + w**3/2 + 965*w**2 - w. Let l(m) = -m + 7. Let u be l(3). Determine d(u).
7
Let h(d) = -30 + 6*d + d**2 + 23 - d + 12. Calculate h(-5).
5
Suppose 0 = 23*u - 11*u + 36. Let v(o) be the third derivative of o**6/120 + o**5/15 + o**4/8 + o**2. What is v(u)?
0
Let u(q) = 5*q. Let a(z) = -28*z - 7. Let f(s) = a(s) + 5*u(s). Calculate f(3).
-16
Let o(l) = -5*l + 9. Suppose -6 = -3*x + 5*z + 16, -2*z + 4 = 2*x. Determine o(x).
-11
Let b(h) = h**3 - 5*h**2 + 4*h + 1. Let v = -3 - -4. Suppose -k + 7 = 2*u, k - u - v = 3*u. Suppose 0 = -5*p + g - k + 22, 5*p - 2*g - 14 = 0. Determine b(p).
1
Let q(r) = r. Let v(y) = -y**3 + 7*y**2 - y + 10. Let d be v(7). Suppose -6*w + d*w = 36. Let k = -16 - w. Calculate q(k).
-4
Let i(f) = -f + 8. Suppose -210 = 39*r - 53*r. What is i(r)?
-7
Let n(h) be the second derivative of -h**6/720 + h**5/60 + 37*h**4/12 + 14*h. Let d(u) be the third derivative of n(u). What is d(4)?
-2
Let s(p) = p**2 - 7*p + 8. Let m be s(6). Let r(u) = 4*u - m*u + 11 - 7. What is r(-5)?
-6
Suppose 0 = 41*o - 30*o - 77. Let d(n) = -n + 10. Determine d(o).
3
Let u(y) be the third derivative of y**4/24 + y**3/6 + 2*y**2 - 47. Suppose 3*m + 4*g = 10, 2*m = m - 5*g - 4. Suppose m*o - 3 = 3*o. What is u(o)?
2
Let f = -156 - -157. Let t(x) = -11*x**3 + 2*x**2 - 2*x + 1. Give t(f).
-10
Let z(n) = n - 1 - 5*n + 7 - 4. Determine z(5).
-18
Suppose -5*o + 6 = -2*o. Let j = o + 3. Let i(u) = -3*u + 6. Calculate i(j).
-9
Let x(d) be the first derivative of d**4/4 + 2*d**3/3 - 3*d**2/2 - 2*d + 208. What is x(3)?
34
Let y(p) = -p**3 - 7*p**2 + 18*p - 10. Let n be y(-9). Let h(a) = -a**3 - 10*a**2 - 2*a - 13. Give h(n).
7
Let d(j) = j**3 + j**2 + 2*j + 15. Let g be d(0). Let m = 9 - g. Let y(w) = -w**3 - 7*w**2 - 7*w - 6. Determine y(m).
0
Let t(i) = -i**3 + 19*i**2 + i - 25. Let n be t(19). Let v be ((-4)/n)/(1/3). Let g(s) = 10*s - 3. What is g(v)?
17
Let o(h) be the third derivative of 7/6*h**3 + 0*h + 0 - 1/24*h**4 + 33*h**2. What is o(5)?
2
Let c be (-60)/210*(-119)/2. Let t(f) = f**2 - 17*f - 4. Determine t(c).
-4
Let y(c) = c**2 + 7*c - 3. Let q(s) = -42*s - 299. Let d be q(-7). Determine y(d).
-13
Let c be (-21)/(-4)*(-76)/(-57). Let r(g) be the third derivative of 1/6*g**3 + 0*g - 1/60*g**5 - 2*g**2 + 1/4*g**4 + 0. Calculate r(c).
-6
Let r(d) be the first derivative of -d**5/60 - 5*d**4/24 + d**3/3 - 41*d**2/2 - 14. Let g(i) be the second derivative of r(i). Give g(-4).
6
Let l(r) = -r**2 + 13*r - 20. Let q(d) = d**3 - 5*d**2 - 36*d + 12. Let c be q(9). Give l(c).
-8
Let x(d) = -15*d**2 - 1. Let l = -27 + 28. What is x(l)?
-16
Let b be (-5 + -1)*1/2. Suppose l = 8*l. Let c(u) = 4*u + l*u**2 - 3*u - u**2 + 2*u**2. What is c(b)?
6
Suppose -r + 168 = -4*o + 137, 3*o = -5*r - 52. Let g(l) = -6*l - 22. What is g(o)?
32
Let a(u) = u**2 - 6*u - 5. Suppose -111 = -27*i + 51. What is a(i)?
-5
Suppose 18 = k + 29. Let f(b) = b - 1. Let t(l) = -2*l + 2. Let d(j) = k*f(j) - 6*t(j). Give d(6).
5
Let n(b) = -b**2 + b - 8. Let d(i) be the third derivative of i**2 + 0*i - i**3 + 7/24*i**4 + 1/120*i**6 - 7/60*i**5 + 0. Let r be d(6). Calculate n(r).
-8
Let t(x) = 3*x**2 + 5*x**3 + 4*x**2 + 6*x**2 - 13*x**2 + 2*x**2 - 1. What is t(-1)?
-4
Let c(t) = -2*t**2 + 2*t + 1. Let j = 49 + -43. Let s be 52/(-39) + (-4)/j. Determine c(s).
-11
Let l(q) = -q + 6. Let c be (0 + -2 - -3) + -1 + 3. Give l(c).
3
Let d(o) = -o**2 - 5*o - 4. Let z = -5 + 8. Let s = z + 2. Suppose 0*p - p + 4*i = -3, -5*i = -3*p - s. Determine d(p).
-4
Let i(d) = d + 2. Let o(c) = 0 + 2*c - c - 1 + 2. Let g(r) = 7*i(r) - 6*o(r). Suppose -11 = 5*a + 19. Determine g(a).
2
Suppose 24*x = 32*x. Let b(f) = -f + 25. Calculate b(x).
25
Let z(x) = x**3 - 18*x**2 + 59*x - 20. Let o be z(14). Let d(t) = 3*t - 68. Determine d(o).
-2
Let s(n) = -n**3 + n**2 + 2. Let u(c) = -10*c**3 + 16*c**2 + 12. Let h(j) = 8*s(j) - u(j). Calculate h(4).
4
Let x(d) = -4*d**2 + 3. Let r(b) = -b**2 + b + 1. Let y(g) = -6*r(g) + 2*x(g). Suppose 5*q = 3 + 17. Let j = 0 - q. What is y(j)?
-8
Let r(d) = -d - 1. Let w be (60/(-15))/(1/(-2)). Let q = -3 + w. What is r(q)?
-6
Let k(b) = -2 + 10 + b**2 + 0 + 5*b. Determine k(-4).
4
Let n = 214 + -84. Let x = n + -126. Let s(r) = 3*r - 6. Calculate s(x).
6
Let t be 20/70 - (-10)/14. Let m(z) = t - z**2 + 0 + 1 + 2. Let o = 6 + -2. Calculate m(o).
-12
Let f(h) be the first derivative of h**5/60 - h**4/12 - h**3 - 7*h**2 + 6. Let d(x) be the second derivative of f(x). Give d(-4).
18
Let o(l) = l**2 - 9*l - 11. Suppose -v = -33*v + 320. Give o(v).
-1
Let s(a) = 2*a - 3*a - 9*a + 3*a. Give s(1).
-7
Let y(o) = 4*o**2 - 9*o - 22. Let f(h) = -h**2 + 2*h + 5. Let w(a) = -9*f(a) - 2*y(a). Let k(q) = -q - 1. Let u be k(-5). Calculate w(u).
15
Let o(h) = 3*h - 8*h + 13 + 3*h. Let w be o(9). Let r = w + 0. Let v(y) = -y**3 - 4*y**2 + 5*y - 1. What is v(r)?
-1
Let g = -894 - -901. Let u(h) = 2*h + 24. Determine u(g).
38
Let v(m) = -m**3 + m**2 - m + 23. Suppose -20 = 3*z + 4*x, -2*z + 12*x - 14*x = 10. What is v(z)?
23
Let r(m) = -2*m + 13. Let a(g) = -g + 4. Let c(k) = 14*a(k) - 4*r(k). Give c(2).
-8
Let n(d) be the first derivative of -d**2/2 + 2*d + 47. Give n(-3).
5
Let b(p) = p**3 - 11*p**2 + 16*p - 1. Let s(i) = -i**2. Let j(h) = b(h) - s(h). Give j(8).
-1
Let r(s) = s - 2. Let m(d) = 5*d - 25. Let z(w) = m(w) - 4*r(w). What is z(-7)?
-24
Suppose 5*d - 9 = m, -2*d + 6 = -4*d - 2*m. Suppose -7*r + 3*r + 16 = 0. Let o(y) = -5*y - 3*y**2 + 3 + r*y + d - 7 - y**3. What is o(-3)?
0
Let r be (3/10)/(302/20 - 15). Let a(d) = d**3 - 5*d**2 + 5*d - 4. Calculate a(r).
-7
Let b(f) = f**2 + 5*f + 6. Let k = -7 - -6. Let c = -3 + k. Determine b(c).
2
Let u(n) = 8*n**2 - 7*n + 5. Let q(i) = -4*i**2 + 3*i - 2. Let g(c) = 7*q(c) + 3*u(c). Suppose 5*v - 3*v + 2 = 0. What is g(v)?
-3
Let j(d) = -4 + 2*d - 5*d**3 + 8 + 4*d**2 + d. Let g(c) = c**3 - c - 1. Let z(x) = -24*x**2 + 144*x - 4. Let v be z(6). Let h(u) = v*g(u) - j(u). Give h(3).
-6
Let y(o) = 4 - o**3 + 94*o**2 - 8*o - 187*o**2 + 99*o**2. Calculate y(5).
-11
Let x(c) = -c**3 - c**2 - c - 14. Let q = -45 + 109. Let a = q + -64. Give x(a).
-14
Let a(l) = -1. Let r(k) be the third derivat